-23*o + 17. Let g(k) be the third derivative of 13*k**4/24 - 4*k**3/3 + 13*k**2 - 1. Let t(j) = 3*d(j) + 5*g(j). What is t(6)?
-13
Let j(g) = 36*g - 146. Suppose -8*w - 26 = -2*s - 11*w, -2*w = 5*s - 32. Give j(s).
-2
Let z be ((-432)/240)/((10/25)/2). Let w(n) = -n**3 - 8*n**2 + 3*n - 13. Calculate w(z).
41
Let m be (-2)/7 - 33/7. Let n(b) be the third derivative of b**4/8 - 2*b**3/3 - 44911*b**2. What is n(m)?
-19
Let v(j) = j**2 - 17. Let q be (-1)/(-2 + 11/6). Determine v(q).
19
Let i(q) be the second derivative of -q**5/20 - q**4/3 + q**3/6 - 2*q**2 + 8*q. Let s be (-706)/(-12) - (-14)/84. Suppose -20*m - s = 41. Give i(m).
16
Let r(g) = 4*g + 8. Let w(j) = -j**2 + 55*j - 47. Let n be w(33). Let t = 672 - n. Determine r(t).
-20
Let y(j) = -3*j**3 + 7*j**2 - 5*j - 1. Let o(s) = -3*s**3 + 6*s**2 - 4*s - 1. Let w(q) = -4*o(q) + 3*y(q). Let b = 29516 - 29514. What is w(b)?
15
Let d(g) = g**2 - 2*g - 23. Let k(t) = 38*t + 1444. Let p be k(-38). What is d(p)?
-23
Let q(c) be the first derivative of 3/2*c**2 - 5/3*c**3 - 69 + 1/4*c**4 + 3*c. Calculate q(4).
-1
Let t(v) = -v**2 + 7*v + 14. Let c be t(16). Let q be 6/(-10) - 858/c. Let b(p) = p**3 - 7*p**2 + 4*p - 6. Give b(q).
-18
Let r(a) = 13*a + 8. Let k(q) be the first derivative of -3*q**2/2 - q + 92. Let l(t) = 4*k(t) + r(t). Let g = 17 + -25. What is l(g)?
-4
Let g = 412 - 410. Let p(d) = 45 - 12 + d**3 - 31 + 0*d**3 - 7*d - 7*d**g. What is p(8)?
10
Suppose -4*p = -q - 12 - 15, -4*q + 20 = 0. Suppose p*h = 33 - 17. Let t(j) = j + 1. Determine t(h).
3
Let n = -165 + 170. Suppose 3*k + 1 = -14*q + 16*q, -5*q + n*k = 10. Let h(s) = s**3 + 7*s**2 + 1. What is h(q)?
1
Suppose -2*a - 1 = -1. Suppose a = 2*u + 3*u + 100. Let c = 25 + u. Let d(r) = -r**3 + 5*r**2 - 4. Give d(c).
-4
Let z(h) = 7*h**2 - 30*h - 14. Suppose -u = 4*f + 17 - 11, u - 3*f - 8 = 0. Let n(r) = -4*r**2 + 29*r + 13. Let k(c) = u*z(c) + 3*n(c). Calculate k(-13).
-2
Let l = -20 + 21. Let t(b) = 23*b + 13. Let o(k) = -12*k - 7. Let r be (-20)/3 - (17/(-3) + 5). Let y(x) = r*t(x) - 11*o(x). Give y(l).
-7
Let u(o) = o**2 - 11*o - 5. Suppose 8 + 8 = v - q, 4*v - 64 = -4*q. Suppose v*l = 21*l - 55. Give u(l).
-5
Let n(r) be the third derivative of -r**8/20160 + r**7/720 - r**6/720 - 131*r**5/60 - 4*r**2 + 8. Let q(l) be the third derivative of n(l). Calculate q(6).
5
Suppose 9*z = 8*z + 4*w + 9, 2*z + 2*w - 18 = 0. Let x be -1*(15/60 - z/(-12)). Let n(p) = 17*p**2 - 1. Calculate n(x).
16
Let p = 1855 + -1845. Let q(m) = -50 - 52 - m + 90. Determine q(p).
-22
Let d(r) = -2*r - 69. Let s be 7*(-21)/((-1176)/(-272)). What is d(s)?
-1
Let h(d) = -10*d - 2*d**2 + 21 + d**2 + 2*d**2. Let p be h(6). Let x(i) = i**3 - 347*i**2 + 343*i**2 - 3 - 5*i - 2*i**3. What is x(p)?
3
Let z(u) = 279*u**2 - 42*u - 177. Let v(x) = -152*x**2 + 21*x + 87. Let m(p) = 11*v(p) + 6*z(p). What is m(14)?
-7
Let l be 56/(-49) - (-897)/(-91). Let m(u) = -u**3 - 13*u**2 - 25*u - 11. Calculate m(l).
22
Let x(i) = -40*i**3 - 3*i**2 + i - 9. Let h(r) = 86*r**3 + 6*r**2 - 3*r + 19. Let s(j) = -6*h(j) - 13*x(j). Determine s(-1).
-3
Let z(d) = -45*d + 2300 + 55*d - 2*d**2 - 2279. What is z(10)?
-79
Let p(y) = -9*y**2 - 9*y + 405. Let u(i) = 4*i**2 + 5*i - 188. Let m(g) = -3*p(g) - 7*u(g). Give m(7).
-4
Let j(c) = 95*c**2 - 67*c**2 + 27 - 27*c**2 - 9*c. Calculate j(11).
49
Suppose 3*z = 178 - 67. Let a = -34 + z. Let i(k) = -4*k**2 - 10 - k**3 + 0*k**a - 3 + 10. Determine i(-4).
-3
Let c(b) = 4*b**2 - 58*b + 158. Let p(v) = -12*v**2 + 174*v - 512. Let s(z) = -16*c(z) - 5*p(z). Give s(15).
2
Let b(w) = w**3 - 12*w**2 + 19*w + 9. Let a = 4216 + -4206. Calculate b(a).
-1
Let q(r) = -21*r - 271. Suppose -85*p + 87*p - 4*v - 2 = 0, 32 = -3*p + v. Determine q(p).
2
Let u(k) be the first derivative of k**6/60 + k**5/60 - 5*k**4/24 - 5*k**3/6 + 33*k**2 - k + 65. Let y(v) be the second derivative of u(v). What is y(-2)?
-7
Let y(d) be the third derivative of -7 + 0*d + 1/2*d**3 - d**4 + 16*d**2. Determine y(2).
-45
Let c(u) = 5*u + u + 2 + 0. Let b(i) = 6*i**3 - 627*i**2 + 312*i + 2. Let n be b(104). Give c(n).
14
Let a(l) be the first derivative of l**2/2 - 7*l - 5773. Let r be (-1 - 9/6)*-2. Give a(r).
-2
Suppose -4*y + 21 = 3*r, 4*y - 4 = 5*r - 7. Let o(u) = -3*u**3 - 6*u + 9. Calculate o(r).
-90
Let i(y) be the second derivative of y**5/4 + 19*y**4/4 + 9*y**3/2 + 49*y**2/2 + 2*y - 42. What is i(-11)?
-6
Let v = 19 - 27. Let i(n) = -n - 6. Let k be i(v). Suppose 4*h + 5*b + 11 = 0, -k*h - 5*b - 13 = -0*b. Let l(g) = 7*g**3 + g**2. Determine l(h).
8
Let c(f) = 6*f**3 - 2*f + 2. Let p be ((-359)/(-2154))/(2/24). Give c(p).
46
Let t(p) = 3*p. Suppose -3*c - 2*x + 14 = -7*x, -2*x = -3*c + 11. Suppose -c*k = 4*f - 3*f - 11, -5*f - k = -13. Calculate t(f).
6
Let z(r) = -5*r**3 + 3*r**2 - 2*r. Suppose -4*w + 3 = -5*l - 6, 0 = 3*l + 3. Determine z(w).
-4
Let y(r) be the first derivative of 1/3*r**3 - 5/2*r**2 - 6*r - 125. What is y(5)?
-6
Let p(a) = 5*a - 3. Let l(n) = -4*n + 3. Let h(s) = -4*l(s) - 3*p(s). Let y = -17 + 16. Let b be y - ((-112)/18 + 22/99). Calculate h(b).
2
Let t(i) be the second derivative of i**5/20 - 3*i**3/2 - 13*i**2 - 42*i + 8. Determine t(4).
2
Let a = 998 - 992. Let r(o) = -5*o + 34. Give r(a).
4
Let p(q) = q - 10. Let x(t) = -9*t + 2. Let o(l) = -6*p(l) + x(l). What is o(4)?
2
Let f(r) = -5*r + 11. Let h(t) = -t**3 + 82*t**2 + 152*t + 1344. Let o be h(84). Determine f(o).
11
Let d(i) = -590 - 90*i + 286*i - 213*i. Calculate d(-35).
5
Let h(g) = -3*g**2 - 4*g + 5. Let k(o) = 2*o**2 + 2*o - 3. Let i(s) = 3*h(s) + 5*k(s). Suppose 0 = -5*x - 260 - 1320. Let m = x + 321. What is i(m)?
15
Let s be (-22)/7 - 3/(-21). Let c(p) = -5*p**3 - 7*p**2 - 5*p - 2. Let w(i) = -4*i**3 - 6*i**2 - 4*i - 2. Let u(l) = -3*c(l) + 4*w(l). What is u(s)?
1
Let q(x) = 35*x**2 + 13*x + 22. Let m be q(-2). Let g = m + -148. Let t(w) = w**3 + 12*w**2 - 2*w - 13. Give t(g).
11
Let p(z) be the first derivative of 31 + z**2 + 0*z + 5/3*z**3. Determine p(2).
24
Let w(l) = 2*l**3 + 12*l**2 + 6*l - 6. Suppose -19*f + 17 = 137 - 25. Give w(f).
14
Let j(v) = -39*v**3 + 62*v**2 - 2*v + 7. Let c(g) = -80*g**3 + 134*g**2 - 4*g + 15. Let k(i) = -6*c(i) + 13*j(i). What is k(1)?
-26
Let q(w) be the second derivative of -11/2*w**2 + 1/3*w**3 + 1/20*w**5 + 0 - 5/6*w**4 - 106*w. Give q(10).
9
Let u(p) be the second derivative of -p**5/20 - p**4/12 + 3*p**2/2 + 127*p - 1. Suppose 12*w - 15*w = 0. Suppose -5*d = 0, -3*a + 2*d + w*d = 0. Calculate u(a).
3
Let p(v) = -v**3 - 76*v**2 - 75*v - 4. Let b(m) = -m**3 - 27*m**2 - 119*m - 33. Let h be b(-6). Determine p(h).
-4
Let y(x) = -81*x + 64 + 6*x + 92*x. Determine y(-4).
-4
Let q(m) = -112*m + 15. Let r(k) = 51*k - 7. Let o(l) = -5*q(l) - 11*r(l). Let u(w) = w**2 + 7*w + 1. Let n be u(-5). Give o(n).
11
Let i(s) = -s**2 + 9*s - 6. Let b = -1 - -9. Suppose 4*r = 16, -4*n + 6*r = 2*r + b. Suppose -4*o + 5*o - 2*h = 16, -n*h - 40 = -4*o. Calculate i(o).
2
Suppose -2*a - 2*a = 10*a. Let n(i) = -16*i**2 - 8*i**2 - 2 + i + 25*i**2 + a. Determine n(0).
-2
Let b(o) be the third derivative of -17*o**5/30 + o**4/8 - o**3/2 + 2*o**2 + 608. Give b(2).
-133
Let l = -39 + 79. Let a be (-144)/(-10) + 24/l. Let j be 58/a - (-2)/15. Let s(p) = -2*p**2 + 6*p - 5. Determine s(j).
-13
Let c(l) = -25*l + 2674 + 2587 - 5345. Calculate c(-4).
16
Let v(r) = 3*r**2 + r**3 + 2*r + 7*r**2 + 3043 - 6066 + 5*r**2 + 3044. Determine v(-15).
-9
Let b(r) = -r**3 - 9*r**2 + 13*r + 21. Let l = 206 + -216. What is b(l)?
-9
Let n(c) = 7 + 5*c + 2*c - 11*c - c**2 - 2 - 3*c. Calculate n(6).
-73
Let p(k) = -9*k**2 + 6*k + 285. Let g(f) = -4*f**2 + 3*f + 130. Let w(y) = -7*g(y) + 3*p(y). Determine w(9).
-1
Let p be ((-18)/4)/3 + (-4979)/766. Let r(k) = -3*k - 24. Determine r(p).
0
Let c(i) be the third derivative of 0*i + 1/6*i**4 + 1/60*i**5 + 80*i**2 + 0 - 1/120*i**6 - 1/3*i**3. Determine c(3).
-8
Let u(w) = 11*w - 16. Suppose 318 - 328 = -2*c + 3*n, 0 = -4*c + n + 30. Determine u(c).
72
Let i(g) = 9*g + 5. Let q(d) = 26 - 17 - 2*d - 11 - 2*d. Let u(p) = 2*i(p) + 5*q(p). Give u(1).
-2
Let l(i) = 21*i - 27. Let u(d) = -d + 2. Let x(t) = l(t) + 15*u(t). Let a(m) = 5*m + 3. Let q(z) = -3*a(z) + 2*x(z). Calculate q(-2).
3
Let d(z) = -3*z**2 + 175*z + 537. Let i be d(-3). Let o(q) = q**3 + 16*q**